hat is the hundred thousands digit of 2409529?
4
What is the thousands digit of 369542?
9
What is the ten thousands digit of 40237?
4
What is the ten thousands digit of 5840565?
4
What is the tens digit of 76806?
0
What is the ten thousands digit of 114685?
1
What is the units digit of 96856?
6
What is the hundreds digit of 229168?
1
What is the thousands digit of 205198?
5
What is the hundreds digit of 558636?
6
What is the ten thousands digit of 110147?
1
What is the hundred thousands digit of 23896356?
8
What is the ten thousands digit of 3471395?
7
What is the thousands digit of 11821657?
1
What is the ten thousands digit of 5681236?
8
What is the hundreds digit of 78073?
0
What is the units digit of 5284110?
0
What is the hundreds digit of 46215?
2
What is the tens digit of 92007?
0
What is the millions digit of 1255137?
1
What is the hundred thousands digit of 768845?
7
What is the ten thousands digit of 1112548?
1
What is the hundred thousands digit of 5833297?
8
What is the units digit of 14761032?
2
What is the hundred thousands digit of 167055?
1
What is the hundred thousands digit of 461256?
4
What is the tens digit of 1000342?
4
What is the tens digit of 81827?
2
What is the thousands digit of 18610234?
0
What is the hundred thousands digit of 539175?
5
What is the units digit of 34070481?
1
What is the hundreds digit of 3288179?
1
What is the tens digit of 329425?
2
What is the units digit of 26769130?
0
What is the units digit of 170316?
6
What is the thousands digit of 22963163?
3
What is the thousands digit of 6181416?
1
What is the tens digit of 783142?
4
What is the hundreds digit of 1899298?
2
What is the thousands digit of 222500?
2
What is the units digit of 1535645?
5
What is the hundred thousands digit of 128444?
1
What is the units digit of 374430?
0
What is the tens digit of 7991980?
8
What is the hundred thousands digit of 6444862?
4
What is the units digit of 2293964?
4
What is the tens digit of 2368361?
6
What is the units digit of 590752?
2
What is the tens digit of 21910207?
0
What is the units digit of 1709990?
0
What is the units digit of 79685?
5
What is the units digit of 354570?
0
What is the hundreds digit of 215948?
9
What is the hundreds digit of 621206?
2
What is the ten thousands digit of 4130650?
3
What is the units digit of 3097306?
6
What is the units digit of 1853389?
9
What is the hundred thousands digit of 133737?
1
What is the ten thousands digit of 412772?
1
What is the ten thousands digit of 668966?
6
What is the hundred thousands digit of 112252?
1
What is the tens digit of 354403?
0
What is the tens digit of 49514?
1
What is the thousands digit of 1692342?
2
What is the thousands digit of 221664?
1
What is the hundreds digit of 2078457?
4
What is the hundred thousands digit of 2038814?
0
What is the tens digit of 721058?
5
What is the units digit of 2042940?
0
What is the tens digit of 197009?
0
What is the hundreds digit of 65214?
2
What is the thousands digit of 184188?
4
What is the hundred thousands digit of 2625444?
6
What is the thousands digit of 7304899?
4
What is the thousands digit of 614941?
4
What is the hundreds digit of 302799?
7
What is the ten thousands digit of 280807?
8
What is the units digit of 377685?
5
What is the units digit of 161405?
5
What is the tens digit of 412742?
4
What is the units digit of 387360?
0
What is the hundreds digit of 902926?
9
What is the ten thousands digit of 1232687?
3
What is the hundreds digit of 159268?
2
What is the hundreds digit of 109607?
6
What is the hundreds digit of 1086710?
7
What is the hundreds digit of 5095533?
5
What is the ten thousands digit of 2025021?
2
What is the tens digit of 256143?
4
What is the hundred thousands digit of 16452707?
4
What is the millions digit of 5763090?
5
What is the hundreds digit of 3230519?
5
What is the tens digit of 670120?
2
What is the hundreds digit of 76053?
0
What is the tens digit of 4059344?
4
What is the units digit of 1992316?
6
What is the ten thousands digit of 1708704?
0
What is the millions digit of 2455661?
2
What is the millions digit of 1408655?
1
What is the units digit of 52556?
6
What is the thousands digit of 1218694?
8
What is the hundreds digit of 1127165?
1
What is the tens digit of 3539131?
3
What is the thousands digit of 6777791?
7
What is the units digit of 2763651?
1
What is the hundreds digit of 234833?
8
What is the units digit of 508772?
2
What is the ten thousands digit of 202543?
0
What is the units digit of 9861?
1
What is the thousands digit of 4631714?
1
What is the hundreds digit of 40715021?
0
What is the hundred thousands digit of 151485?
1
What is the ten thousands digit of 743194?
4
What is the millions digit of 2984233?
2
What is the thousands digit of 1301653?
1
What is the hundreds digit of 47506?
5
What is the hundreds digit of 6206011?
0
What is the units digit of 6192361?
1
What is the thousands digit of 17082401?
2
What is the tens digit of 3760731?
3
What is the ten millions digit of 19135828?
1
What is the hundreds digit of 41394?
3
What is the ten thousands digit of 944020?
4
What is the hundreds digit of 1442327?
3
What is the thousands digit of 756630?
6
What is the ten thousands digit of 589155?
8
What is the millions digit of 4244815?
4
What is the thousands digit of 8240034?
0
What is the ten thousands digit of 1033979?
3
What is the thousands digit of 5914487?
4
What is the millions digit of 8659449?
8
What is the thousands digit of 2931802?
1
What is the units digit of 172082?
2
What is the hundred thousands digit of 4252754?
2
What is the thousands digit of 381929?
1
What is the millions digit of 12741558?
2
What is the hundreds digit of 1317880?
8
What is the tens digit of 64082?
8
What is the thousands digit of 336665?
6
What is the thousands digit of 169955?
9
What is the units digit of 8165458?
8
What is the hundreds digit of 97768?
7
What is the thousands digit of 455384?
5
What is the thousands digit of 215954?
5
What is the ten thousands digit of 1033635?
3
What is the hundreds digit of 313104?
1
What is the tens digit of 1650959?
5
What is the tens digit of 1295497?
9
What is the thousands digit of 4331938?
1
What is the hundred thousands digit of 24642044?
6
What is the hundred thousands digit of 217116?
2
What is the hundred thousands digit of 864065?
8
What is the millions digit of 7223264?
7
What is the tens digit of 147753?
5
What is the tens digit of 281610?
1
What is the units digit of 704741?
1
What is the hundreds digit of 6190410?
4
What is the hundreds digit of 470135?
1
What is the ten thousands digit of 60523?
6
What is the ten thousands digit of 1611889?
1
What is the ten thousands digit of 10885315?
8
What is the hundreds digit of 3260027?
0
What is the hundred thousands digit of 3218786?
2
What is the units digit of 2821348?
8
What is the hundreds digit of 15785796?
7
What is the thousands digit of 156851?
6
What is the hundreds digit of 271113?
1
What is the hundred thousands digit of 31341128?
3
What is the hundred thousands digit of 1975568?
9
What is the millions digit of 9622809?
9
What is the units digit of 10958623?
3
What is the hundred thousands digit of 4745121?
7
What is the tens digit of 8853684?
8
What is the hundreds digit of 147444?
4
What is the ten thousands digit of 475977?
7
What is the ten thousands digit of 49449?
4
What is the millions digit of 3703502?
3
What is the hundred thousands digit of 5955578?
9
What is the units digit of 6465520?
0
What is the hundreds digit of 23607855?
8
What is the hundreds digit of 532423?
4
What is the hundred thousands digit of 1546773?
5
What is the units digit of 229808?
8
What is the units digit of 6970606?
6
What is the units digit of 15863811?
1
What is the hundreds digit of 4339?
3
What is the tens digit of 1459385?
8
What is the hundred thousands digit of 452404?
4
What is the ten thousands digit of 998003?
9
What is the tens digit of 571970?
7
What is the tens digit of 41943873?
7
What is the ten thousands digit of 2387829?
8
What is the hundreds digit of 41106?
1
What is the thousands digit of 1000726?
0
What is the tens digit of 987667?
6
What is the hundreds digit of 157167?
1
What is the thousands digit of 26184?
6
What is the ten thousands digit